{"id":3316,"date":"2018-12-11T21:56:03","date_gmt":"2018-12-11T20:56:03","guid":{"rendered":"http:\/\/hundertweinhaus.com\/?page_id=3316"},"modified":"2019-01-29T19:34:20","modified_gmt":"2019-01-29T18:34:20","slug":"weingebiete2","status":"publish","type":"page","link":"https:\/\/hundertweinhaus.com\/?page_id=3316","title":{"rendered":"Weingebiete2"},"content":{"rendered":"<p>[et_pb_section fb_built=&#8221;1&#8243; custom_padding_last_edited=&#8221;on|phone&#8221; admin_label=&#8221;Section &#8211; About header&#8221; _builder_version=&#8221;3.19.9&#8243; background_color=&#8221;#dedede&#8221; background_image=&#8221;https:\/\/hundertweinhaus.com\/wp-content\/uploads\/2018\/07\/xdw.png&#8221; custom_padding=&#8221;80px||73px||false|false&#8221; custom_padding_tablet=&#8221;100px||100px|&#8221; custom_padding_phone=&#8221;75px||75px|&#8221;][et_pb_row custom_padding=&#8221;0|0px|0|0px|false|false&#8221; _builder_version=&#8221;3.0.47&#8243; background_size=&#8221;initial&#8221; background_position=&#8221;top_left&#8221; background_repeat=&#8221;repeat&#8221;][et_pb_column type=&#8221;4_4&#8243; _builder_version=&#8221;3.0.47&#8243; parallax=&#8221;off&#8221; parallax_method=&#8221;on&#8221;][et_pb_text admin_label=&#8221;About Page Top Header &#8211; Text&#8221; _builder_version=&#8221;3.10.1&#8243; text_font=&#8221;|300|||||||&#8221; text_text_color=&#8221;#ffffff&#8221; text_font_size=&#8221;20px&#8221; text_font_size_tablet=&#8221;19px&#8221; text_font_size_phone=&#8221;17px&#8221; text_font_size_last_edited=&#8221;on|phone&#8221; header_font=&#8221;|700||on|||||&#8221; header_text_color=&#8221;#ffffff&#8221; header_font_size=&#8221;60px&#8221; header_font_size_tablet=&#8221;50px&#8221; header_font_size_phone=&#8221;35px&#8221; header_font_size_last_edited=&#8221;on|tablet&#8221; text_orientation=&#8221;center&#8221; module_alignment=&#8221;center&#8221;]<\/p>\n<h1>Weingebiete<\/h1>\n<p>[\/et_pb_text][\/et_pb_column][\/et_pb_row][\/et_pb_section][et_pb_section fb_built=&#8221;1&#8243; _builder_version=&#8221;3.0.47&#8243; custom_padding=&#8221;50px|0px|57.5938px|0px|false|false&#8221;][et_pb_row _builder_version=&#8221;3.0.48&#8243; background_size=&#8221;initial&#8221; background_position=&#8221;top_left&#8221; background_repeat=&#8221;repeat&#8221;][et_pb_column type=&#8221;4_4&#8243; _builder_version=&#8221;3.0.47&#8243; parallax=&#8221;off&#8221; parallax_method=&#8221;on&#8221;][et_pb_text admin_label=&#8221;Default Header&#8221; module_class=&#8221;default-header&#8221; _builder_version=&#8221;3.10.1&#8243; module_alignment=&#8221;right&#8221; saved_tabs=&#8221;all&#8221;]<\/p>\n<h1>Weingebiete<\/h1>\n<p>[\/et_pb_text][et_pb_text _builder_version=&#8221;3.10.1&#8243;]<\/p>\n<blockquote>\n<p style=\"text-align: justify;\">Wein geh\u00f6rt in Ungarn zu den beliebtesten ungarischen Getr\u00e4nken \u00fcberhaupt.<\/p>\n<p style=\"text-align: justify;\">Dies beruht auf der Tatsache, dass der Weinanbau in Ungarn schon seit vielen Jahrhunderten besteht.<\/p>\n<p style=\"text-align: justify;\">Das Wissen um die Herstellung von edlen Tropfen hat daf\u00fcr gesorgt, dass der ungarische Wein heutzutage<\/p>\n<p style=\"text-align: justify;\">europaweit bekannt ist und auch gerne getrunken wird.<\/p>\n<p>&nbsp;<\/p>\n<p style=\"text-align: justify;\">Die 22 ungarischen Weinanbaugebiete sind die Heimat der verschiedenen Wei\u00dfweine und Rotweine.<\/p>\n<p style=\"text-align: justify;\">Aufgrund des ungarischen Klimas und den besonderen geographischen Begebenheiten in den verschiedenen<\/p>\n<p style=\"text-align: justify;\">Regionen des Landes, entstehen hier nicht nur k\u00f6stliche Weine f\u00fcr einen geselligen Abend, sondern auch<\/p>\n<p style=\"text-align: justify;\">Investitionsg\u00fcter, die in keiner Weinsammlung fehlen d\u00fcrfen.<\/p>\n<p style=\"text-align: justify;\">Mittlerweile gibt es eigene Weintouren nach Ungarn. Diese bringen den Besuchern die ungarischen Weine<\/p>\n<p style=\"text-align: justify;\">und Weingebiete n\u00e4her.<\/p>\n<\/blockquote>\n<p>[\/et_pb_text][\/et_pb_column][\/et_pb_row][\/et_pb_section]<\/p>\n","protected":false},"excerpt":{"rendered":"<p>Weingebiete Weingebiete Wein geh\u00f6rt in Ungarn zu den beliebtesten ungarischen Getr\u00e4nken \u00fcberhaupt. Dies beruht auf der Tatsache, dass der Weinanbau in Ungarn schon seit vielen Jahrhunderten besteht. Das Wissen um die Herstellung von edlen Tropfen hat daf\u00fcr gesorgt, dass der ungarische Wein heutzutage europaweit bekannt ist und auch gerne getrunken wird. &nbsp; Die 22 ungarischen [&hellip;]<\/p>\n","protected":false},"author":1,"featured_media":0,"parent":0,"menu_order":0,"comment_status":"closed","ping_status":"closed","template":"","meta":{"_et_pb_use_builder":"on","_et_pb_old_content":"","_et_gb_content_width":""},"_links":{"self":[{"href":"https:\/\/hundertweinhaus.com\/index.php?rest_route=\/wp\/v2\/pages\/3316"}],"collection":[{"href":"https:\/\/hundertweinhaus.com\/index.php?rest_route=\/wp\/v2\/pages"}],"about":[{"href":"https:\/\/hundertweinhaus.com\/index.php?rest_route=\/wp\/v2\/types\/page"}],"author":[{"embeddable":true,"href":"https:\/\/hundertweinhaus.com\/index.php?rest_route=\/wp\/v2\/users\/1"}],"replies":[{"embeddable":true,"href":"https:\/\/hundertweinhaus.com\/index.php?rest_route=%2Fwp%2Fv2%2Fcomments&post=3316"}],"version-history":[{"count":13,"href":"https:\/\/hundertweinhaus.com\/index.php?rest_route=\/wp\/v2\/pages\/3316\/revisions"}],"predecessor-version":[{"id":3535,"href":"https:\/\/hundertweinhaus.com\/index.php?rest_route=\/wp\/v2\/pages\/3316\/revisions\/3535"}],"wp:attachment":[{"href":"https:\/\/hundertweinhaus.com\/index.php?rest_route=%2Fwp%2Fv2%2Fmedia&parent=3316"}],"curies":[{"name":"wp","href":"https:\/\/api.w.org\/{rel}","templated":true}]}}