{"id":787,"date":"2017-03-09T19:58:46","date_gmt":"2017-03-09T18:58:46","guid":{"rendered":"http:\/\/hundertweinhaus.fodof.eu\/?page_id=787"},"modified":"2019-06-27T19:44:00","modified_gmt":"2019-06-27T18:44:00","slug":"etyek-buda","status":"publish","type":"page","link":"https:\/\/hundertweinhaus.com\/?page_id=787","title":{"rendered":"Etyek Buda"},"content":{"rendered":"<p>[et_pb_section fb_built=&#8221;1&#8243; admin_label=&#8221;section&#8221; _builder_version=&#8221;3.22.3&#8243;][et_pb_row custom_padding=&#8221;88px|0px|110px|0px&#8221; _builder_version=&#8221;3.25&#8243; background_size=&#8221;initial&#8221; background_position=&#8221;top_left&#8221; background_repeat=&#8221;repeat&#8221;][et_pb_column type=&#8221;4_4&#8243; _builder_version=&#8221;3.25&#8243; custom_padding=&#8221;|||&#8221; custom_padding__hover=&#8221;|||&#8221;][et_pb_text _builder_version=&#8221;3.0.74&#8243; text_font=&#8221;Raleway Light||||&#8221; text_text_color=&#8221;#952742&#8243; text_font_size=&#8221;66px&#8221; header_font_size=&#8221;76px&#8221; background_size=&#8221;initial&#8221; background_position=&#8221;top_left&#8221; background_repeat=&#8221;repeat&#8221; text_orientation=&#8221;center&#8221; module_alignment=&#8221;center&#8221;]<\/p>\n<p style=\"text-align: center;\">ETYEK BUDA<\/p>\n<p>[\/et_pb_text][\/et_pb_column][\/et_pb_row][et_pb_row _builder_version=&#8221;3.25&#8243; background_size=&#8221;initial&#8221; background_position=&#8221;top_left&#8221; background_repeat=&#8221;repeat&#8221; column_structure=&#8221;1_3,1_3,1_3&#8243;][et_pb_column type=&#8221;1_3&#8243; _builder_version=&#8221;3.25&#8243; custom_padding=&#8221;|||&#8221; custom_padding__hover=&#8221;|||&#8221;][et_pb_circle_counter title=&#8221;GESAMTFL\u00c4CHE DER WEINGEGEND IN HA&#8221; number=&#8221;5600HA&#8221; percent_sign=&#8221;off&#8221; bar_bg_color=&#8221;#952742&#8243; circle_color=&#8221;#F6ECDF&#8221; circle_color_alpha=&#8221;0.9&#8243; _builder_version=&#8221;3.0.47&#8243; title_font=&#8221;||||&#8221; title_text_color=&#8221;#952742&#8243; title_font_size=&#8221;19px&#8221; number_font=&#8221;Open Sans Light||||&#8221; number_text_color=&#8221;#952742&#8243;][\/et_pb_circle_counter][\/et_pb_column][et_pb_column type=&#8221;1_3&#8243; _builder_version=&#8221;3.25&#8243; custom_padding=&#8221;|||&#8221; custom_padding__hover=&#8221;|||&#8221;][et_pb_circle_counter title=&#8221;NACH DER ERFASSUNG DER BERGSIEDLUNG&#8221; number=&#8221;1500 HA&#8221; percent_sign=&#8221;off&#8221; bar_bg_color=&#8221;#952742&#8243; circle_color=&#8221;#F6ECDF&#8221; circle_color_alpha=&#8221;0.9&#8243; _builder_version=&#8221;3.0.47&#8243; title_font=&#8221;||||&#8221; title_text_color=&#8221;#952742&#8243; title_font_size=&#8221;19px&#8221; number_font=&#8221;Open Sans Light||||&#8221; number_text_color=&#8221;#952742&#8243;][\/et_pb_circle_counter][\/et_pb_column][et_pb_column type=&#8221;1_3&#8243; _builder_version=&#8221;3.25&#8243; custom_padding=&#8221;|||&#8221; custom_padding__hover=&#8221;|||&#8221;][et_pb_circle_counter title=&#8221;ANZAHL DER ZUR WEINGEGEND GEH\u00d6RENDEN GEMEINDEN&#8221; number=&#8221;25&#8243; percent_sign=&#8221;off&#8221; bar_bg_color=&#8221;#952742&#8243; circle_color=&#8221;#F6ECDF&#8221; circle_color_alpha=&#8221;0.9&#8243; _builder_version=&#8221;3.0.47&#8243; title_font=&#8221;||||&#8221; title_text_color=&#8221;#952742&#8243; title_font_size=&#8221;19px&#8221; number_font=&#8221;Open Sans Light||||&#8221; number_text_color=&#8221;#952742&#8243;][\/et_pb_circle_counter][\/et_pb_column][\/et_pb_row][et_pb_row admin_label=&#8221;row&#8221; _builder_version=&#8221;3.25&#8243; background_size=&#8221;initial&#8221; background_position=&#8221;top_left&#8221; background_repeat=&#8221;repeat&#8221;][et_pb_column type=&#8221;4_4&#8243; _builder_version=&#8221;3.25&#8243; custom_padding=&#8221;|||&#8221; custom_padding__hover=&#8221;|||&#8221;][et_pb_divider color=&#8221;#952742&#8243; divider_position=&#8221;center&#8221; disabled_on=&#8221;on|on|off&#8221; _builder_version=&#8221;3.2&#8243;][\/et_pb_divider][\/et_pb_column][\/et_pb_row][et_pb_row _builder_version=&#8221;3.25&#8243; background_size=&#8221;initial&#8221; background_position=&#8221;top_left&#8221; background_repeat=&#8221;repeat&#8221; column_structure=&#8221;1_2,1_2&#8243;][et_pb_column type=&#8221;1_2&#8243; _builder_version=&#8221;3.25&#8243; custom_padding=&#8221;|||&#8221; custom_padding__hover=&#8221;|||&#8221;][et_pb_text _builder_version=&#8221;3.0.74&#8243; text_text_color=&#8221;#701a37&#8243; header_text_color=&#8221;#952742&#8243; header_font_size=&#8221;26px&#8221; header_line_height=&#8221;1.6em&#8221; background_color=&#8221;rgba(204,204,204,0)&#8221; background_size=&#8221;initial&#8221; background_position=&#8221;top_left&#8221; background_repeat=&#8221;repeat&#8221;]<\/p>\n<h1 style=\"text-align: justify;\">Geographische Lage<\/h1>\n<p style=\"text-align: justify;\">Die Rebfl\u00e4che des Weinanbaugebietes von Etyek-Buda erstreckt sich an den windigen Weinbergen und auf den windigen Hochebenen des Zs\u00e1mb\u00e9ker-Beckens, des Budaer-Gebirges, des Gebirges &#8220;Pilis&#8221;, &#8220;Dunazug&#8221; und &#8220;V\u00e9rtes&#8221; und das Gebirge von Velence. Geographisch kann das Weinbaugebiet also in zwei wichtige Zonen geteilt werden.<\/p>\n<p>[\/et_pb_text][\/et_pb_column][et_pb_column type=&#8221;1_2&#8243; _builder_version=&#8221;3.25&#8243; custom_padding=&#8221;|||&#8221; custom_padding__hover=&#8221;|||&#8221;][et_pb_image src=&#8221;\/wp-content\/uploads\/2017\/03\/Etyek-Buda.png&#8221; align=&#8221;center&#8221; align_tablet=&#8221;center&#8221; align_last_edited=&#8221;on|desktop&#8221; _builder_version=&#8221;3.23&#8243; animation_style=&#8221;slide&#8221; animation_direction=&#8221;bottom&#8221; animation_duration=&#8221;500ms&#8221; animation_intensity_slide=&#8221;10%&#8221; border_style=&#8221;solid&#8221; animation=&#8221;bottom&#8221; sticky=&#8221;off&#8221; always_center_on_mobile=&#8221;on&#8221;][\/et_pb_image][\/et_pb_column][\/et_pb_row][et_pb_row custom_margin=&#8221;|||&#8221; _builder_version=&#8221;3.25&#8243; background_color=&#8221;rgba(246,236,223,0)&#8221; background_size=&#8221;initial&#8221; background_position=&#8221;top_left&#8221; background_repeat=&#8221;repeat&#8221; column_structure=&#8221;1_3,1_3,1_3&#8243;][et_pb_column type=&#8221;1_3&#8243; _builder_version=&#8221;3.25&#8243; custom_padding=&#8221;|||&#8221; custom_padding__hover=&#8221;|||&#8221;][et_pb_number_counter title=&#8221;NIEDERSCHLAGSMENGE IN MM&#8221; number=&#8221;650&#8243; percent_sign=&#8221;off&#8221; counter_color=&#8221;#952742&#8243; _builder_version=&#8221;3.0.47&#8243; title_text_color=&#8221;#952742&#8243; number_font=&#8221;Open Sans Light||||&#8221; background_size=&#8221;initial&#8221; background_position=&#8221;top_left&#8221; background_repeat=&#8221;repeat&#8221;][\/et_pb_number_counter][\/et_pb_column][et_pb_column type=&#8221;1_3&#8243; _builder_version=&#8221;3.25&#8243; custom_padding=&#8221;|||&#8221; custom_padding__hover=&#8221;|||&#8221;][et_pb_number_counter title=&#8221;SONNENSTUNDEN IN JAHR\/STUNDEN&#8221; number=&#8221;1850&#8243; percent_sign=&#8221;off&#8221; counter_color=&#8221;#952742&#8243; _builder_version=&#8221;3.0.47&#8243; title_text_color=&#8221;#952742&#8243; number_font=&#8221;Open Sans Light||||&#8221; background_size=&#8221;initial&#8221; background_position=&#8221;top_left&#8221; background_repeat=&#8221;repeat&#8221;][\/et_pb_number_counter][\/et_pb_column][et_pb_column type=&#8221;1_3&#8243; _builder_version=&#8221;3.25&#8243; custom_padding=&#8221;|||&#8221; custom_padding__hover=&#8221;|||&#8221;][et_pb_number_counter title=&#8221;JAHRESMITTELTEMPERATUR IN \u00b0C&#8221; number=&#8221;10&#8243; percent_sign=&#8221;off&#8221; counter_color=&#8221;#952742&#8243; _builder_version=&#8221;3.0.47&#8243; title_text_color=&#8221;#952742&#8243; number_font=&#8221;Open Sans Light||||&#8221; background_size=&#8221;initial&#8221; background_position=&#8221;top_left&#8221; background_repeat=&#8221;repeat&#8221;][\/et_pb_number_counter][\/et_pb_column][\/et_pb_row][et_pb_row custom_padding=&#8221;27px|0px|27px|0px&#8221; _builder_version=&#8221;3.25&#8243; background_size=&#8221;initial&#8221; background_position=&#8221;top_left&#8221; background_repeat=&#8221;repeat&#8221;][et_pb_column type=&#8221;4_4&#8243; _builder_version=&#8221;3.25&#8243; custom_padding=&#8221;|||&#8221; custom_padding__hover=&#8221;|||&#8221;][et_pb_text _builder_version=&#8221;3.0.74&#8243; text_text_color=&#8221;#701a37&#8243; header_text_color=&#8221;#952742&#8243; header_font_size=&#8221;26px&#8221; header_line_height=&#8221;1.6em&#8221; background_color=&#8221;rgba(204,204,204,0)&#8221; background_size=&#8221;initial&#8221; background_position=&#8221;top_left&#8221; background_repeat=&#8221;repeat&#8221;]<\/p>\n<p style=\"font-size: 22px; line-height: normal; font-family: 'Open Sans'; -webkit-text-stroke-width: initial; background-color: #ffffff;\"><span style=\"font-kerning: none;\">Klima<\/span><\/p>\n<p style=\"font-size: 14px; line-height: normal; font-family: 'Open Sans'; -webkit-text-stroke-width: initial; background-color: #ffffff; text-align: justify;\"><span style=\"font-size: 14px; text-align: left;\"><span style=\"font-family: Arial;\">Wegen der Gliederung des Weinanbaugebietes von Etyek-Buda herrschen in den verschiedenen Gebieten voneinander abweichende, geographische und klimatische\u00a0Verh\u00e4ltnisse. Dementsprechend zeigt das Mikroklima der Weinberg-Siedlungen bedeutende Unterschiede, woraus sich auch die Vielseitigkeit der aus diesem Weinanbaugebiet stammenden Weine ergibt. Insgesamt entspricht das Klima des Weinanbaugebietes dem ungarischen Durchschnitt. Es gibt \u00fcber das ganze Jahr gleichm\u00e4ssig verteilten Niederschlag, eine Normaltemperatur unter dem Durchschnitt, viel Sonnenschein und regelm\u00e4ssig windiges Wetter.<\/span><\/span><\/p>\n<p>[\/et_pb_text][\/et_pb_column][\/et_pb_row][et_pb_row _builder_version=&#8221;3.25&#8243; background_size=&#8221;initial&#8221; background_position=&#8221;top_left&#8221; background_repeat=&#8221;repeat&#8221; column_structure=&#8221;1_2,1_2&#8243;][et_pb_column type=&#8221;1_2&#8243; _builder_version=&#8221;3.25&#8243; custom_padding=&#8221;|||&#8221; custom_padding__hover=&#8221;|||&#8221;][et_pb_text _builder_version=&#8221;3.0.74&#8243; text_text_color=&#8221;#701a37&#8243; header_text_color=&#8221;#952742&#8243; header_font_size=&#8221;26px&#8221; header_line_height=&#8221;1.6em&#8221; background_color=&#8221;rgba(204,204,204,0)&#8221; background_size=&#8221;initial&#8221; background_position=&#8221;top_left&#8221; background_repeat=&#8221;repeat&#8221;]<\/p>\n<p style=\"text-align: justify; font-size: 22px; line-height: normal; font-family: 'Open Sans'; color: #333333; -webkit-text-stroke-color: #333333; -webkit-text-stroke-width: initial; background-color: #ffffff;\"><span style=\"font-kerning: none;\">Boden<\/span><\/p>\n<p>Das Grundgestein des Weinanbaugebietes von Etyek-Buda ist Kalkstein sediment\u00e4ren Ursprungs, worauf sich der L\u00f6ss, der Lehm und der braune Waldboden an vielen Stellen absetzten. Diese Gegebenheit schafft ideale Bodenverh\u00e4ltnisse f\u00fcr Weine mit belebendem S\u00e4uregehalt.\u00a0<span style=\"font-kerning: none;\">\u00a0<\/span> <span style=\"font-kerning: none;\">\u00a0<\/span><br \/>\n[\/et_pb_text][\/et_pb_column][et_pb_column type=&#8221;1_2&#8243; _builder_version=&#8221;3.25&#8243; custom_padding=&#8221;|||&#8221; custom_padding__hover=&#8221;|||&#8221;][et_pb_image src=&#8221;\/wp-content\/uploads\/2017\/03\/budai-irsai-ol.png&#8221; align=&#8221;center&#8221; align_tablet=&#8221;center&#8221; align_last_edited=&#8221;on|desktop&#8221; _builder_version=&#8221;3.23&#8243; border_style=&#8221;solid&#8221; animation=&#8221;off&#8221; sticky=&#8221;off&#8221; always_center_on_mobile=&#8221;on&#8221;][\/et_pb_image][\/et_pb_column][\/et_pb_row][et_pb_row custom_padding=&#8221;27px|0px|27px|0px&#8221; _builder_version=&#8221;3.25&#8243; background_size=&#8221;initial&#8221; background_position=&#8221;top_left&#8221; background_repeat=&#8221;repeat&#8221;][et_pb_column type=&#8221;4_4&#8243; _builder_version=&#8221;3.25&#8243; custom_padding=&#8221;|||&#8221; custom_padding__hover=&#8221;|||&#8221;][et_pb_text _builder_version=&#8221;3.0.74&#8243; text_text_color=&#8221;#701a37&#8243; header_text_color=&#8221;#952742&#8243; header_font_size=&#8221;26px&#8221; header_line_height=&#8221;1.6em&#8221; background_color=&#8221;rgba(204,204,204,0)&#8221; background_size=&#8221;initial&#8221; background_position=&#8221;top_left&#8221; background_repeat=&#8221;repeat&#8221;]<\/p>\n<p style=\"text-align: justify; font-size: 22px; line-height: normal; font-family: 'Open Sans'; color: #333333; -webkit-text-stroke-color: #333333; -webkit-text-stroke-width: initial; background-color: #ffffff;\"><span style=\"font-kerning: none;\">Gez\u00fcchtete Rebsorten<\/span><\/p>\n<p style=\"text-align: justify; font-size: 14px; line-height: normal; font-family: 'Open Sans'; color: #666666; -webkit-text-stroke-color: #666666; -webkit-text-stroke-width: initial; background-color: #ffffff;\"><span style=\"font-kerning: none;\">Weiss: Chardonnay, Irsai Oliv\u00e9r, M\u00fcller-Thurgau, Olaszrizling, Riesling, Sauvignon Blanc, Pinot Gris, Gr\u00fcner Veltliner<\/span><\/p>\n<p style=\"text-align: justify; font-size: 14px; line-height: normal; font-family: 'Open Sans'; color: #666666; -webkit-text-stroke-color: #666666; -webkit-text-stroke-width: initial; background-color: #ffffff;\"><span style=\"font-kerning: none;\">Rot: Cabernet Franc, Cabernet Sauvignon, Blaufr\u00e4nkisch, Portugieser, Pinot Noir<\/span><\/p>\n<p>[\/et_pb_text][\/et_pb_column][\/et_pb_row][et_pb_row custom_padding=&#8221;27px|0px|27px|0px&#8221; _builder_version=&#8221;3.25&#8243; background_size=&#8221;initial&#8221; background_position=&#8221;top_left&#8221; background_repeat=&#8221;repeat&#8221;][et_pb_column type=&#8221;4_4&#8243; _builder_version=&#8221;3.25&#8243; custom_padding=&#8221;|||&#8221; custom_padding__hover=&#8221;|||&#8221;][et_pb_text _builder_version=&#8221;3.0.74&#8243; text_text_color=&#8221;#701a37&#8243; header_text_color=&#8221;#952742&#8243; header_font_size=&#8221;26px&#8221; header_line_height=&#8221;1.6em&#8221; background_color=&#8221;rgba(204,204,204,0)&#8221; background_size=&#8221;initial&#8221; background_position=&#8221;top_left&#8221; background_repeat=&#8221;repeat&#8221;]<\/p>\n<p style=\"text-align: justify; font-size: 22px; line-height: normal; font-family: 'Open Sans'; color: #333333; -webkit-text-stroke-color: #333333; -webkit-text-stroke-width: initial; background-color: #ffffff;\"><span style=\"font-kerning: none;\">Das feinste Sortiment<\/span><\/p>\n<p>[\/et_pb_text][et_pb_shop posts_number=&#8221;4&#8243; orderby=&#8221;menu_order&#8221; title_font_size=&#8221;19&#8243; price_font_size=&#8221;16&#8243;][\/et_pb_shop][\/et_pb_column][\/et_pb_row][\/et_pb_section]<\/p>\n","protected":false},"excerpt":{"rendered":"<p>ETYEK BUDA Geographische Lage Die Rebfl\u00e4che des Weinanbaugebietes von Etyek-Buda erstreckt sich an den windigen Weinbergen und auf den windigen Hochebenen des Zs\u00e1mb\u00e9ker-Beckens, des Budaer-Gebirges, des Gebirges &#8220;Pilis&#8221;, &#8220;Dunazug&#8221; und &#8220;V\u00e9rtes&#8221; und das Gebirge von Velence. Geographisch kann das Weinbaugebiet also in zwei wichtige Zonen geteilt werden. Klima Wegen der Gliederung des Weinanbaugebietes von Etyek-Buda [&hellip;]<\/p>\n","protected":false},"author":1,"featured_media":0,"parent":0,"menu_order":0,"comment_status":"closed","ping_status":"open","template":"","meta":{"_et_pb_use_builder":"on","_et_pb_old_content":"This is an example page. It's different from a blog post because it will stay in one place and will show up in your site navigation (in most themes). Most people start with an About page that introduces them to potential site visitors. It might say something like this:\r\n\r\n<blockquote>Hi there! I'm a bike messenger by day, aspiring actor by night, and this is my website. I live in Los Angeles, have a great dog named Jack, and I like pi\u00f1a coladas. (And gettin' caught in the rain.)<\/blockquote>\r\n\r\n...or something like this:\r\n\r\n<blockquote>The XYZ Doohickey Company was founded in 1971, and has been providing quality doohickeys to the public ever since. Located in Gotham City, XYZ employs over 2,000 people and does all kinds of awesome things for the Gotham community.<\/blockquote>\r\n\r\nAs a new WordPress user, you should go to <a href=\"http:\/\/hundertweinhaus.fodof.eu\/wp-admin\/\">your dashboard<\/a> to delete this page and create new pages for your content. Have fun!","_et_gb_content_width":""},"_links":{"self":[{"href":"https:\/\/hundertweinhaus.com\/index.php?rest_route=\/wp\/v2\/pages\/787"}],"collection":[{"href":"https:\/\/hundertweinhaus.com\/index.php?rest_route=\/wp\/v2\/pages"}],"about":[{"href":"https:\/\/hundertweinhaus.com\/index.php?rest_route=\/wp\/v2\/types\/page"}],"author":[{"embeddable":true,"href":"https:\/\/hundertweinhaus.com\/index.php?rest_route=\/wp\/v2\/users\/1"}],"replies":[{"embeddable":true,"href":"https:\/\/hundertweinhaus.com\/index.php?rest_route=%2Fwp%2Fv2%2Fcomments&post=787"}],"version-history":[{"count":17,"href":"https:\/\/hundertweinhaus.com\/index.php?rest_route=\/wp\/v2\/pages\/787\/revisions"}],"predecessor-version":[{"id":3641,"href":"https:\/\/hundertweinhaus.com\/index.php?rest_route=\/wp\/v2\/pages\/787\/revisions\/3641"}],"wp:attachment":[{"href":"https:\/\/hundertweinhaus.com\/index.php?rest_route=%2Fwp%2Fv2%2Fmedia&parent=787"}],"curies":[{"name":"wp","href":"https:\/\/api.w.org\/{rel}","templated":true}]}}