{"id":840,"date":"2017-06-29T20:43:25","date_gmt":"2017-06-29T19:43:25","guid":{"rendered":"http:\/\/hundertweinhaus.fodof.eu\/?page_id=840"},"modified":"2019-06-27T19:35:36","modified_gmt":"2019-06-27T18:35:36","slug":"villany","status":"publish","type":"page","link":"https:\/\/hundertweinhaus.com\/?page_id=840","title":{"rendered":"Vill\u00e1ny"},"content":{"rendered":"<p>[et_pb_section fb_built=&#8221;1&#8243; admin_label=&#8221;section&#8221; _builder_version=&#8221;3.22.3&#8243;][et_pb_row custom_padding=&#8221;88px|0px|110px|0px&#8221; _builder_version=&#8221;3.25&#8243; background_size=&#8221;initial&#8221; background_position=&#8221;top_left&#8221; background_repeat=&#8221;repeat&#8221;][et_pb_column type=&#8221;4_4&#8243; _builder_version=&#8221;3.25&#8243; custom_padding=&#8221;|||&#8221; custom_padding__hover=&#8221;|||&#8221;][et_pb_text _builder_version=&#8221;3.0.74&#8243; text_font=&#8221;Raleway Light||||&#8221; text_text_color=&#8221;#952742&#8243; text_font_size=&#8221;66px&#8221; header_font_size=&#8221;76px&#8221; background_size=&#8221;initial&#8221; background_position=&#8221;top_left&#8221; background_repeat=&#8221;repeat&#8221; text_orientation=&#8221;center&#8221; module_alignment=&#8221;center&#8221;]<\/p>\n<p class=\"\" style=\"text-align: center;\">VILL\u00c1NY<\/p>\n<p>[\/et_pb_text][\/et_pb_column][\/et_pb_row][et_pb_row _builder_version=&#8221;3.25&#8243; background_size=&#8221;initial&#8221; background_position=&#8221;top_left&#8221; background_repeat=&#8221;repeat&#8221; column_structure=&#8221;1_3,1_3,1_3&#8243;][et_pb_column type=&#8221;1_3&#8243; _builder_version=&#8221;3.25&#8243; custom_padding=&#8221;|||&#8221; custom_padding__hover=&#8221;|||&#8221;][et_pb_circle_counter title=&#8221;GESAMTFL\u00c4CHE DER WEINGEGEND IN HA&#8221; number=&#8221;4500HA&#8221; percent_sign=&#8221;off&#8221; bar_bg_color=&#8221;#952742&#8243; circle_color=&#8221;#F6ECDF&#8221; circle_color_alpha=&#8221;0.9&#8243; _builder_version=&#8221;3.0.47&#8243; title_font=&#8221;||||&#8221; title_text_color=&#8221;#952742&#8243; title_font_size=&#8221;19px&#8221; number_font=&#8221;Open Sans Light||||&#8221; number_text_color=&#8221;#952742&#8243;][\/et_pb_circle_counter][\/et_pb_column][et_pb_column type=&#8221;1_3&#8243; _builder_version=&#8221;3.25&#8243; custom_padding=&#8221;|||&#8221; custom_padding__hover=&#8221;|||&#8221;][et_pb_circle_counter title=&#8221;NACH DER ERFASSUNG DER BERGSIEDLUNG&#8221; number=&#8221;1800 HA&#8221; percent_sign=&#8221;off&#8221; bar_bg_color=&#8221;#952742&#8243; circle_color=&#8221;#F6ECDF&#8221; circle_color_alpha=&#8221;0.9&#8243; _builder_version=&#8221;3.0.47&#8243; title_font=&#8221;||||&#8221; title_text_color=&#8221;#952742&#8243; title_font_size=&#8221;19px&#8221; number_font=&#8221;Open Sans Light||||&#8221; number_text_color=&#8221;#952742&#8243;][\/et_pb_circle_counter][\/et_pb_column][et_pb_column type=&#8221;1_3&#8243; _builder_version=&#8221;3.25&#8243; custom_padding=&#8221;|||&#8221; custom_padding__hover=&#8221;|||&#8221;][et_pb_circle_counter title=&#8221;ANZAHL DER ZUR WEINGEGEND GEH\u00d6RENDEN GEMEINDEN&#8221; number=&#8221;17&#8243; percent_sign=&#8221;off&#8221; bar_bg_color=&#8221;#952742&#8243; circle_color=&#8221;#F6ECDF&#8221; circle_color_alpha=&#8221;0.9&#8243; _builder_version=&#8221;3.0.47&#8243; title_font=&#8221;||||&#8221; title_text_color=&#8221;#952742&#8243; title_font_size=&#8221;19px&#8221; number_font=&#8221;Open Sans Light||||&#8221; number_text_color=&#8221;#952742&#8243;][\/et_pb_circle_counter][\/et_pb_column][\/et_pb_row][et_pb_row admin_label=&#8221;row&#8221; _builder_version=&#8221;3.25&#8243; background_size=&#8221;initial&#8221; background_position=&#8221;top_left&#8221; background_repeat=&#8221;repeat&#8221;][et_pb_column type=&#8221;4_4&#8243; _builder_version=&#8221;3.25&#8243; custom_padding=&#8221;|||&#8221; custom_padding__hover=&#8221;|||&#8221;][et_pb_divider color=&#8221;#952742&#8243; divider_position=&#8221;center&#8221; disabled_on=&#8221;on|on|off&#8221; _builder_version=&#8221;3.2&#8243;][\/et_pb_divider][\/et_pb_column][\/et_pb_row][et_pb_row _builder_version=&#8221;3.25&#8243; background_size=&#8221;initial&#8221; background_position=&#8221;top_left&#8221; background_repeat=&#8221;repeat&#8221; column_structure=&#8221;1_2,1_2&#8243;][et_pb_column type=&#8221;1_2&#8243; _builder_version=&#8221;3.25&#8243; custom_padding=&#8221;|||&#8221; custom_padding__hover=&#8221;|||&#8221;][et_pb_text _builder_version=&#8221;3.0.74&#8243; text_text_color=&#8221;#701a37&#8243; header_text_color=&#8221;#952742&#8243; header_font_size=&#8221;26px&#8221; header_line_height=&#8221;1.6em&#8221; background_color=&#8221;rgba(204,204,204,0)&#8221; background_size=&#8221;initial&#8221; background_position=&#8221;top_left&#8221; background_repeat=&#8221;repeat&#8221;]<\/p>\n<h1 style=\"text-align: justify;\">Geographische Lage<\/h1>\n<p class=\"\">Die abgegrenzten Standorte der Plantagen des Vill\u00e1nyer Weingebietes erstrecken sich auf den s\u00fcdlichen Geh\u00e4ngen des sich aus dem umgrenzenden Flachland hervorhebenden Vill\u00e1nyer Gebirges ca. 25 km lang.<br \/>\nDas s\u00fcdlichste Weingebiet Ungarns befindet sich beim Treffen von drei Landschaftselementen, am Fusse des das Vill\u00e1nyer Gebirge vom Osten abschliessenden Templom Berges (Kirchberg), am Ufer von Karasica, am Rande des Mediterraneums.<\/p>\n<p>[\/et_pb_text][\/et_pb_column][et_pb_column type=&#8221;1_2&#8243; _builder_version=&#8221;3.25&#8243; custom_padding=&#8221;|||&#8221; custom_padding__hover=&#8221;|||&#8221;][et_pb_image src=&#8221;\/wp-content\/uploads\/2017\/03\/Vill\u00e1ny.png&#8221; align=&#8221;center&#8221; align_tablet=&#8221;center&#8221; align_last_edited=&#8221;on|desktop&#8221; _builder_version=&#8221;3.23&#8243; animation_style=&#8221;slide&#8221; animation_direction=&#8221;bottom&#8221; animation_duration=&#8221;500ms&#8221; animation_intensity_slide=&#8221;10%&#8221; border_style=&#8221;solid&#8221; animation=&#8221;bottom&#8221; sticky=&#8221;off&#8221; always_center_on_mobile=&#8221;on&#8221;][\/et_pb_image][\/et_pb_column][\/et_pb_row][et_pb_row custom_margin=&#8221;|||&#8221; _builder_version=&#8221;3.25&#8243; background_color=&#8221;rgba(246,236,223,0)&#8221; background_size=&#8221;initial&#8221; background_position=&#8221;top_left&#8221; background_repeat=&#8221;repeat&#8221; column_structure=&#8221;1_3,1_3,1_3&#8243;][et_pb_column type=&#8221;1_3&#8243; _builder_version=&#8221;3.25&#8243; custom_padding=&#8221;|||&#8221; custom_padding__hover=&#8221;|||&#8221;][et_pb_number_counter title=&#8221;NIEDERSCHLAGSMENGE IN MM&#8221; number=&#8221;700&#8243; percent_sign=&#8221;off&#8221; _builder_version=&#8221;3.0.47&#8243; title_text_color=&#8221;#952742&#8243; number_font=&#8221;Open Sans Light||||&#8221; number_text_color=&#8221;#952742&#8243; background_size=&#8221;initial&#8221; background_position=&#8221;top_left&#8221; background_repeat=&#8221;repeat&#8221;][\/et_pb_number_counter][\/et_pb_column][et_pb_column type=&#8221;1_3&#8243; _builder_version=&#8221;3.25&#8243; custom_padding=&#8221;|||&#8221; custom_padding__hover=&#8221;|||&#8221;][et_pb_number_counter title=&#8221;SONNENSTUNDEN IN JAHR\/STUNDEN&#8221; number=&#8221;2100&#8243; percent_sign=&#8221;off&#8221; _builder_version=&#8221;3.0.47&#8243; title_text_color=&#8221;#952742&#8243; number_font=&#8221;Open Sans Light||||&#8221; number_text_color=&#8221;#952742&#8243; background_size=&#8221;initial&#8221; background_position=&#8221;top_left&#8221; background_repeat=&#8221;repeat&#8221;][\/et_pb_number_counter][\/et_pb_column][et_pb_column type=&#8221;1_3&#8243; _builder_version=&#8221;3.25&#8243; custom_padding=&#8221;|||&#8221; custom_padding__hover=&#8221;|||&#8221;][et_pb_number_counter title=&#8221;JAHRESMITTELTEMPERATUR IN \u00b0C&#8221; number=&#8221;11&#8243; percent_sign=&#8221;off&#8221; _builder_version=&#8221;3.0.47&#8243; title_text_color=&#8221;#952742&#8243; number_font=&#8221;Open Sans Light||||&#8221; number_text_color=&#8221;#952742&#8243; background_size=&#8221;initial&#8221; background_position=&#8221;top_left&#8221; background_repeat=&#8221;repeat&#8221;][\/et_pb_number_counter][\/et_pb_column][\/et_pb_row][et_pb_row custom_padding=&#8221;27px|0px|27px|0px&#8221; _builder_version=&#8221;3.25&#8243; background_size=&#8221;initial&#8221; background_position=&#8221;top_left&#8221; background_repeat=&#8221;repeat&#8221;][et_pb_column type=&#8221;4_4&#8243; _builder_version=&#8221;3.25&#8243; custom_padding=&#8221;|||&#8221; custom_padding__hover=&#8221;|||&#8221;][et_pb_text _builder_version=&#8221;3.0.74&#8243; text_text_color=&#8221;#701a37&#8243; header_text_color=&#8221;#952742&#8243; header_font_size=&#8221;26px&#8221; header_line_height=&#8221;1.6em&#8221; background_color=&#8221;rgba(204,204,204,0)&#8221; background_size=&#8221;initial&#8221; background_position=&#8221;top_left&#8221; background_repeat=&#8221;repeat&#8221;]<\/p>\n<p style=\"font-size: 22px; line-height: normal; font-family: 'Open Sans'; -webkit-text-stroke-width: initial; background-color: #ffffff;\"><span style=\"font-kerning: none;\">Klima<\/span><\/p>\n<p>&nbsp;<\/p>\n<p class=\"\" style=\"font-size: 14px; line-height: normal; font-family: 'Open Sans'; -webkit-text-stroke-width: initial; background-color: #ffffff; text-align: justify;\"><span style=\"font-size: 14px; text-align: left;\"><span style=\"font-family: Arial;\">Der Standort hat aufgrund seiner geographischen Lage besonders viel Sonne und die Sonnenstrahlungsdauer ist auch lang, welche die Temperaturdaten best\u00e4tigen. Die Mitteltemperatur ist ca. 11 \u00b0C, die Durchschnittstemperatur der Vegetationsperiode liegt bei 17,5 \u00b0C. In den k\u00e4lteren Jahreszeiten ist der Nebel im Gebiet h\u00e4ufig, die Temperatur sinkt aber nicht unter -1\u00b0C. Die Jahresniederschlagsmenge ist nach dem langj\u00e4hrigen Durchschnitt bei 700 mm. Aus der Hinsicht des Klimas gelten zwei Wirkungen, das kontinentale Klima und das mediterrane Klima vermischen sich, auf den von Weinplantagen bedeckten s\u00fcdlichen Geh\u00e4ngen gilt in erster Linie die mediterrane Wirkung. Es ist eine m\u00e4ssig feuchte Gegend mit mildem Winter, wo die Niederschlagverteilung relativ gleichm\u00e4ssig ist, die Temperaturschwankung ist niedrig. Der herrschende Winter ist n\u00f6rdlich und nordwestlich, aber die west\u00f6stliche Luftbewegung ist auch h\u00e4ufig.<\/span><\/span><\/p>\n<p>[\/et_pb_text][\/et_pb_column][\/et_pb_row][et_pb_row _builder_version=&#8221;3.25&#8243; background_size=&#8221;initial&#8221; background_position=&#8221;top_left&#8221; background_repeat=&#8221;repeat&#8221; column_structure=&#8221;1_2,1_2&#8243;][et_pb_column type=&#8221;1_2&#8243; _builder_version=&#8221;3.25&#8243; custom_padding=&#8221;|||&#8221; custom_padding__hover=&#8221;|||&#8221;][et_pb_text _builder_version=&#8221;3.0.74&#8243; text_text_color=&#8221;#701a37&#8243; header_text_color=&#8221;#952742&#8243; header_font_size=&#8221;26px&#8221; header_line_height=&#8221;1.6em&#8221; background_color=&#8221;rgba(204,204,204,0)&#8221; background_size=&#8221;initial&#8221; background_position=&#8221;top_left&#8221; background_repeat=&#8221;repeat&#8221;]<\/p>\n<p style=\"text-align: justify; font-size: 22px; line-height: normal; font-family: 'Open Sans'; color: #333333; -webkit-text-stroke-color: #333333; -webkit-text-stroke-width: initial; background-color: #ffffff;\"><span style=\"font-kerning: none;\">Boden<\/span><\/p>\n<p class=\"\">Das Grundgestein des Vill\u00e1nyer Gebirges besteht aus Kalkstein und Dolomit aus dem mittleren Triasalter, aus Meeresablagerungen stammendem Kalkstein aus der Jurazeit sowie Kalkstein aus der unteren Kretazeit. Auf dem Grundgestein befindet sich im Grossteil des Vill\u00e1nyer Weingebietes typische Dammerde-braune Walderde. In der Pleistozanperiode, in den kalten, trockenen Stadien entstandener L\u00f6ss und die L\u00f6ssartige &#8220;Geh\u00e4ngeablagerung&#8221; bilden das Hauptgestein der B\u00f6den. Dementsprechend ist der Bodenbelag auf den Geh\u00e4ngen ein an Kalk reicher, lehmiger L\u00f6ss mit wechselnder Dicke, welcher auf dem hochplateaum\u00e4ssigen Berggipfel an mehreren Stellen das Redsina wechselt. Auf den Grundgesteinen befindlicher Unterboden hat je Geh\u00e4nge eine unterschiedliche Dicke. F\u00fcr die Standorte ist im allgemeinen charakteristisch, dass ein relativ dicker, an N\u00e4hrstoffen reicher Boden das Grundgestein deckt.<\/p>\n<p>[\/et_pb_text][\/et_pb_column][et_pb_column type=&#8221;1_2&#8243; _builder_version=&#8221;3.25&#8243; custom_padding=&#8221;|||&#8221; custom_padding__hover=&#8221;|||&#8221;][et_pb_image src=&#8221;https:\/\/hundertweinhaus.com\/wp-content\/uploads\/2017\/02\/56-2.png&#8221; align=&#8221;center&#8221; align_tablet=&#8221;center&#8221; align_last_edited=&#8221;on|desktop&#8221; _builder_version=&#8221;3.25.3&#8243; border_style=&#8221;solid&#8221; animation=&#8221;off&#8221; sticky=&#8221;off&#8221; always_center_on_mobile=&#8221;on&#8221;][\/et_pb_image][\/et_pb_column][\/et_pb_row][et_pb_row custom_padding=&#8221;27px|0px|27px|0px&#8221; _builder_version=&#8221;3.25&#8243; background_size=&#8221;initial&#8221; background_position=&#8221;top_left&#8221; background_repeat=&#8221;repeat&#8221;][et_pb_column type=&#8221;4_4&#8243; _builder_version=&#8221;3.25&#8243; custom_padding=&#8221;|||&#8221; custom_padding__hover=&#8221;|||&#8221;][et_pb_text _builder_version=&#8221;3.0.74&#8243; text_text_color=&#8221;#701a37&#8243; header_text_color=&#8221;#952742&#8243; header_font_size=&#8221;26px&#8221; header_line_height=&#8221;1.6em&#8221; background_color=&#8221;rgba(204,204,204,0)&#8221; background_size=&#8221;initial&#8221; background_position=&#8221;top_left&#8221; background_repeat=&#8221;repeat&#8221;]<\/p>\n<p style=\"text-align: justify; font-size: 22px; line-height: normal; font-family: 'Open Sans'; color: #333333; -webkit-text-stroke-color: #333333; -webkit-text-stroke-width: initial; background-color: #ffffff;\"><span style=\"font-kerning: none;\">Gez\u00fcchtete Rebsorten<\/span><\/p>\n<p style=\"text-align: justify; font-size: 14px; line-height: normal; font-family: 'Open Sans'; color: #666666; -webkit-text-stroke-color: #666666; -webkit-text-stroke-width: initial; background-color: #ffffff;\"><span style=\"font-kerning: none;\">Weiss: Chardonnay, H\u00e1rslevel\u00fc (Lindenbl\u00e4ttriger), Kiralyleanyka (K\u00f6nigstochter), Olasz Rizling (Welschriesling), Muscat Ottonel, Sauvignon Blanc, Pinot Blanc, Rheinriesling, Sz\u00fcrkebarat (Grauburgunder), Tramini (Gew\u00fcrztraminer), Zengo und Z\u00f6ld veltelini (Gr\u00fcner Veltiner)<br \/>\nRot: Blauburger, Cabernet Franc, Cabernet Sauvignon, Kadarka, K\u00e9kporto (Blauer Portugieser), K\u00e9kfrankos (Blaufr\u00e4nkisch), Merlot, Pinot Noir, Syrah und Zweigelt<\/span><\/p>\n<p>[\/et_pb_text][\/et_pb_column][\/et_pb_row][et_pb_row custom_padding=&#8221;27px|0px|27px|0px&#8221; _builder_version=&#8221;3.25&#8243; background_size=&#8221;initial&#8221; background_position=&#8221;top_left&#8221; background_repeat=&#8221;repeat&#8221;][et_pb_column type=&#8221;4_4&#8243; _builder_version=&#8221;3.25&#8243; custom_padding=&#8221;|||&#8221; custom_padding__hover=&#8221;|||&#8221;][et_pb_text _builder_version=&#8221;3.0.74&#8243; text_text_color=&#8221;#701a37&#8243; header_text_color=&#8221;#952742&#8243; header_font_size=&#8221;26px&#8221; header_line_height=&#8221;1.6em&#8221; background_color=&#8221;rgba(204,204,204,0)&#8221; background_size=&#8221;initial&#8221; background_position=&#8221;top_left&#8221; background_repeat=&#8221;repeat&#8221;]<\/p>\n<p style=\"text-align: justify; font-size: 22px; line-height: normal; font-family: 'Open Sans'; color: #333333; -webkit-text-stroke-color: #333333; -webkit-text-stroke-width: initial; background-color: #ffffff;\"><span style=\"font-kerning: none;\">Das feinste Sortiment<\/span><\/p>\n<p>[\/et_pb_text][et_pb_shop posts_number=&#8221;4&#8243; orderby=&#8221;menu_order&#8221; title_font_size=&#8221;19&#8243; price_font_size=&#8221;16&#8243;][\/et_pb_shop][\/et_pb_column][\/et_pb_row][\/et_pb_section]<\/p>\n","protected":false},"excerpt":{"rendered":"<p>VILL\u00c1NY Geographische Lage Die abgegrenzten Standorte der Plantagen des Vill\u00e1nyer Weingebietes erstrecken sich auf den s\u00fcdlichen Geh\u00e4ngen des sich aus dem umgrenzenden Flachland hervorhebenden Vill\u00e1nyer Gebirges ca. 25 km lang. Das s\u00fcdlichste Weingebiet Ungarns befindet sich beim Treffen von drei Landschaftselementen, am Fusse des das Vill\u00e1nyer Gebirge vom Osten abschliessenden Templom Berges (Kirchberg), am Ufer [&hellip;]<\/p>\n","protected":false},"author":1,"featured_media":0,"parent":0,"menu_order":0,"comment_status":"closed","ping_status":"closed","template":"","meta":{"_et_pb_use_builder":"on","_et_pb_old_content":"This is an example page. It's different from a blog post because it will stay in one place and will show up in your site navigation (in most themes). Most people start with an About page that introduces them to potential site visitors. It might say something like this:\r\n\r\n<blockquote>Hi there! I'm a bike messenger by day, aspiring actor by night, and this is my website. I live in Los Angeles, have a great dog named Jack, and I like pi\u00f1a coladas. (And gettin' caught in the rain.)<\/blockquote>\r\n\r\n...or something like this:\r\n\r\n<blockquote>The XYZ Doohickey Company was founded in 1971, and has been providing quality doohickeys to the public ever since. Located in Gotham City, XYZ employs over 2,000 people and does all kinds of awesome things for the Gotham community.<\/blockquote>\r\n\r\nAs a new WordPress user, you should go to <a href=\"http:\/\/hundertweinhaus.fodof.eu\/wp-admin\/\">your dashboard<\/a> to delete this page and create new pages for your content. Have fun!","_et_gb_content_width":""},"_links":{"self":[{"href":"https:\/\/hundertweinhaus.com\/index.php?rest_route=\/wp\/v2\/pages\/840"}],"collection":[{"href":"https:\/\/hundertweinhaus.com\/index.php?rest_route=\/wp\/v2\/pages"}],"about":[{"href":"https:\/\/hundertweinhaus.com\/index.php?rest_route=\/wp\/v2\/types\/page"}],"author":[{"embeddable":true,"href":"https:\/\/hundertweinhaus.com\/index.php?rest_route=\/wp\/v2\/users\/1"}],"replies":[{"embeddable":true,"href":"https:\/\/hundertweinhaus.com\/index.php?rest_route=%2Fwp%2Fv2%2Fcomments&post=840"}],"version-history":[{"count":18,"href":"https:\/\/hundertweinhaus.com\/index.php?rest_route=\/wp\/v2\/pages\/840\/revisions"}],"predecessor-version":[{"id":3635,"href":"https:\/\/hundertweinhaus.com\/index.php?rest_route=\/wp\/v2\/pages\/840\/revisions\/3635"}],"wp:attachment":[{"href":"https:\/\/hundertweinhaus.com\/index.php?rest_route=%2Fwp%2Fv2%2Fmedia&parent=840"}],"curies":[{"name":"wp","href":"https:\/\/api.w.org\/{rel}","templated":true}]}}