{"id":858,"date":"2017-06-29T20:34:14","date_gmt":"2017-06-29T19:34:14","guid":{"rendered":"http:\/\/hundertweinhaus.fodof.eu\/?page_id=858"},"modified":"2019-06-27T19:39:16","modified_gmt":"2019-06-27T18:39:16","slug":"szekszard","status":"publish","type":"page","link":"https:\/\/hundertweinhaus.com\/?page_id=858","title":{"rendered":"Szeksz\u00e1rd"},"content":{"rendered":"<p>[et_pb_section fb_built=&#8221;1&#8243; admin_label=&#8221;section&#8221; _builder_version=&#8221;3.22.3&#8243;][et_pb_row custom_padding=&#8221;88px|0px|110px|0px&#8221; _builder_version=&#8221;3.25&#8243; background_size=&#8221;initial&#8221; background_position=&#8221;top_left&#8221; background_repeat=&#8221;repeat&#8221;][et_pb_column type=&#8221;4_4&#8243; _builder_version=&#8221;3.25&#8243; custom_padding=&#8221;|||&#8221; custom_padding__hover=&#8221;|||&#8221;][et_pb_text _builder_version=&#8221;3.0.74&#8243; text_font=&#8221;Raleway Light||||&#8221; text_text_color=&#8221;#952742&#8243; text_font_size=&#8221;66px&#8221; header_font_size=&#8221;76px&#8221; background_size=&#8221;initial&#8221; background_position=&#8221;top_left&#8221; background_repeat=&#8221;repeat&#8221; text_orientation=&#8221;center&#8221; module_alignment=&#8221;center&#8221;]<\/p>\n<p class=\"\" style=\"text-align: center;\">SZEKSZ\u00c1RD<\/p>\n<p>[\/et_pb_text][\/et_pb_column][\/et_pb_row][et_pb_row _builder_version=&#8221;3.25&#8243; background_size=&#8221;initial&#8221; background_position=&#8221;top_left&#8221; background_repeat=&#8221;repeat&#8221; column_structure=&#8221;1_3,1_3,1_3&#8243;][et_pb_column type=&#8221;1_3&#8243; _builder_version=&#8221;3.25&#8243; custom_padding=&#8221;|||&#8221; custom_padding__hover=&#8221;|||&#8221;][et_pb_circle_counter title=&#8221;GESAMTFL\u00c4CHE DER WEINGEGEND IN HA&#8221; number=&#8221;6000 HA&#8221; percent_sign=&#8221;off&#8221; bar_bg_color=&#8221;#952742&#8243; circle_color=&#8221;#F6ECDF&#8221; circle_color_alpha=&#8221;0.9&#8243; _builder_version=&#8221;3.0.47&#8243; title_font=&#8221;||||&#8221; title_text_color=&#8221;#952742&#8243; title_font_size=&#8221;19px&#8221; number_font=&#8221;Open Sans Light||||&#8221; number_text_color=&#8221;#952742&#8243;][\/et_pb_circle_counter][\/et_pb_column][et_pb_column type=&#8221;1_3&#8243; _builder_version=&#8221;3.25&#8243; custom_padding=&#8221;|||&#8221; custom_padding__hover=&#8221;|||&#8221;][et_pb_circle_counter title=&#8221;NACH DER ERFASSUNG DER BERGSIEDLUNG&#8221; number=&#8221;2300 HA&#8221; percent_sign=&#8221;off&#8221; bar_bg_color=&#8221;#952742&#8243; circle_color=&#8221;#F6ECDF&#8221; circle_color_alpha=&#8221;0.9&#8243; _builder_version=&#8221;3.0.47&#8243; title_font=&#8221;||||&#8221; title_text_color=&#8221;#952742&#8243; title_font_size=&#8221;19px&#8221; number_font=&#8221;Open Sans Light||||&#8221; number_text_color=&#8221;#952742&#8243;][\/et_pb_circle_counter][\/et_pb_column][et_pb_column type=&#8221;1_3&#8243; _builder_version=&#8221;3.25&#8243; custom_padding=&#8221;|||&#8221; custom_padding__hover=&#8221;|||&#8221;][et_pb_circle_counter title=&#8221;ANZAHL DER ZUR WEINGEGEND GEH\u00d6RENDEN GEMEINDEN&#8221; number=&#8221;15&#8243; percent_sign=&#8221;off&#8221; bar_bg_color=&#8221;#952742&#8243; circle_color=&#8221;#F6ECDF&#8221; circle_color_alpha=&#8221;0.9&#8243; _builder_version=&#8221;3.0.47&#8243; title_font=&#8221;||||&#8221; title_text_color=&#8221;#952742&#8243; title_font_size=&#8221;19px&#8221; number_font=&#8221;Open Sans Light||||&#8221; number_text_color=&#8221;#952742&#8243;][\/et_pb_circle_counter][\/et_pb_column][\/et_pb_row][et_pb_row admin_label=&#8221;row&#8221; _builder_version=&#8221;3.25&#8243; background_size=&#8221;initial&#8221; background_position=&#8221;top_left&#8221; background_repeat=&#8221;repeat&#8221;][et_pb_column type=&#8221;4_4&#8243; _builder_version=&#8221;3.25&#8243; custom_padding=&#8221;|||&#8221; custom_padding__hover=&#8221;|||&#8221;][et_pb_divider color=&#8221;#952742&#8243; divider_position=&#8221;center&#8221; disabled_on=&#8221;on|on|off&#8221; _builder_version=&#8221;3.2&#8243;][\/et_pb_divider][\/et_pb_column][\/et_pb_row][et_pb_row _builder_version=&#8221;3.25&#8243; background_size=&#8221;initial&#8221; background_position=&#8221;top_left&#8221; background_repeat=&#8221;repeat&#8221; column_structure=&#8221;1_2,1_2&#8243;][et_pb_column type=&#8221;1_2&#8243; _builder_version=&#8221;3.25&#8243; custom_padding=&#8221;|||&#8221; custom_padding__hover=&#8221;|||&#8221;][et_pb_text _builder_version=&#8221;3.0.74&#8243; text_text_color=&#8221;#701a37&#8243; header_text_color=&#8221;#952742&#8243; header_font_size=&#8221;26px&#8221; header_line_height=&#8221;1.6em&#8221; background_color=&#8221;rgba(204,204,204,0)&#8221; background_size=&#8221;initial&#8221; background_position=&#8221;top_left&#8221; background_repeat=&#8221;repeat&#8221;]<\/p>\n<h1 style=\"text-align: justify;\">Geographische Lage<\/h1>\n<p style=\"text-align: justify;\">Das Weingebiet erstreckt sich auf dem nord\u00f6stlichen Teil vom H\u00fcgelland Szeksz\u00e1rd und Geresd.<br \/>\nWestlich von der \u00fcber einen nords\u00fcdlichen Fussgang verf\u00fcgenden H\u00fcgellandschaft befinden sich die Ausl\u00e4ufer des 680 m hohen Mecsek Gebirges, in seiner \u00f6stlichen H\u00e4lfte erstrecken sich das S\u00e1rk\u00f6z Tiefland, die Umweltschutzgebiete von Gemenc, welche von dem Fluss Donau begrenzt sind. Die Geh\u00e4nge des Weingebietes Szeksz\u00e1rd sind an Form reich.<\/p>\n<p>[\/et_pb_text][\/et_pb_column][et_pb_column type=&#8221;1_2&#8243; _builder_version=&#8221;3.25&#8243; custom_padding=&#8221;|||&#8221; custom_padding__hover=&#8221;|||&#8221;][et_pb_image src=&#8221;\/wp-content\/uploads\/2017\/03\/Szekszard.png&#8221; align=&#8221;center&#8221; align_tablet=&#8221;center&#8221; align_last_edited=&#8221;on|desktop&#8221; _builder_version=&#8221;3.23&#8243; animation_style=&#8221;slide&#8221; animation_direction=&#8221;bottom&#8221; animation_duration=&#8221;500ms&#8221; animation_intensity_slide=&#8221;10%&#8221; border_style=&#8221;solid&#8221; animation=&#8221;bottom&#8221; sticky=&#8221;off&#8221; always_center_on_mobile=&#8221;on&#8221;][\/et_pb_image][\/et_pb_column][\/et_pb_row][et_pb_row custom_margin=&#8221;|||&#8221; _builder_version=&#8221;3.25&#8243; background_color=&#8221;rgba(246,236,223,0)&#8221; background_size=&#8221;initial&#8221; background_position=&#8221;top_left&#8221; background_repeat=&#8221;repeat&#8221; column_structure=&#8221;1_3,1_3,1_3&#8243;][et_pb_column type=&#8221;1_3&#8243; _builder_version=&#8221;3.25&#8243; custom_padding=&#8221;|||&#8221; custom_padding__hover=&#8221;|||&#8221;][et_pb_number_counter title=&#8221;NIEDERSCHLAGSMENGE IN MM&#8221; number=&#8221;598&#8243; percent_sign=&#8221;off&#8221; _builder_version=&#8221;3.0.47&#8243; title_text_color=&#8221;#952742&#8243; number_font=&#8221;Open Sans Light||||&#8221; number_text_color=&#8221;#952742&#8243; background_size=&#8221;initial&#8221; background_position=&#8221;top_left&#8221; background_repeat=&#8221;repeat&#8221;][\/et_pb_number_counter][\/et_pb_column][et_pb_column type=&#8221;1_3&#8243; _builder_version=&#8221;3.25&#8243; custom_padding=&#8221;|||&#8221; custom_padding__hover=&#8221;|||&#8221;][et_pb_number_counter title=&#8221;SONNENSTUNDEN IN JAHR\/STUNDEN&#8221; number=&#8221;2050&#8243; percent_sign=&#8221;off&#8221; _builder_version=&#8221;3.0.47&#8243; title_text_color=&#8221;#952742&#8243; number_font=&#8221;Open Sans Light||||&#8221; number_text_color=&#8221;#952742&#8243; background_size=&#8221;initial&#8221; background_position=&#8221;top_left&#8221; background_repeat=&#8221;repeat&#8221;][\/et_pb_number_counter][\/et_pb_column][et_pb_column type=&#8221;1_3&#8243; _builder_version=&#8221;3.25&#8243; custom_padding=&#8221;|||&#8221; custom_padding__hover=&#8221;|||&#8221;][et_pb_number_counter title=&#8221;JAHRESMITTELTEMPERATUR IN \u00b0C&#8221; number=&#8221;11.3&#8243; percent_sign=&#8221;off&#8221; _builder_version=&#8221;3.0.47&#8243; title_text_color=&#8221;#952742&#8243; number_font=&#8221;Open Sans Light||||&#8221; number_text_color=&#8221;#952742&#8243; background_size=&#8221;initial&#8221; background_position=&#8221;top_left&#8221; background_repeat=&#8221;repeat&#8221;][\/et_pb_number_counter][\/et_pb_column][\/et_pb_row][et_pb_row custom_padding=&#8221;27px|0px|27px|0px&#8221; _builder_version=&#8221;3.25&#8243; background_size=&#8221;initial&#8221; background_position=&#8221;top_left&#8221; background_repeat=&#8221;repeat&#8221;][et_pb_column type=&#8221;4_4&#8243; _builder_version=&#8221;3.25&#8243; custom_padding=&#8221;|||&#8221; custom_padding__hover=&#8221;|||&#8221;][et_pb_text _builder_version=&#8221;3.0.74&#8243; text_text_color=&#8221;#701a37&#8243; header_text_color=&#8221;#952742&#8243; header_font_size=&#8221;26px&#8221; header_line_height=&#8221;1.6em&#8221; background_color=&#8221;rgba(204,204,204,0)&#8221; background_size=&#8221;initial&#8221; background_position=&#8221;top_left&#8221; background_repeat=&#8221;repeat&#8221;]<\/p>\n<p style=\"font-size: 22px; line-height: normal; font-family: 'Open Sans'; color: #333333; -webkit-text-stroke-color: #333333; -webkit-text-stroke-width: initial; background-color: #ffffff;\"><span style=\"font-kerning: none;\">Klima<\/span><\/p>\n<p class=\"\" style=\"font-size: 14px; line-height: normal; font-family: 'Open Sans'; color: #666666; -webkit-text-stroke-color: #666666; -webkit-text-stroke-width: initial; background-color: #ffffff; text-align: justify;\"><span style=\"font-kerning: none;\">Im Klima des Weingebietes Szeksz\u00e1rd ist die atlantische und mediterrane Wirkung entscheidend, aber der Einfluss des kontinentalen Klimas ist auch entscheidend. Im Weingebiet ist die Klimaeinflusswirkung der Donau besonders wichtig. Die Wasser\u00f6berfl\u00e4che des riesigen Flusses reflektiert den Sonnenschein bzw. die riesige Wassermenge vermindert die Wirkungen der extremen Temperatur\u00e4nderungen bedeutend. Die Anzahl der Sonnenstunden betr\u00e4gt im Weingebiet Szeksz\u00e1rd nach dem Durchschnitt vieler Jahre 2050-2100 Stunden. Das ist bez\u00fcglich der Weintraube auch im Landesverh\u00e4ltinis in der Mehrheit der Jahre das g\u00fcnstigste. Die heissen, sonnenreichen Sommer und Herbst, die sog. &#8220;Frauensommer&#8221; erm\u00f6glichen die sortencharakteristische Reife der Beeren, die Ausgestaltung der sch\u00f6nen Farbe und des feinen Aromenreichtums noch bei den sp\u00e4t reifenden Rebsorten wie Kadarka, Cabernet, Olasz rizling, Rajnai rizling auch. Die j\u00e4hrliche Niederschlagsmenge ist durchschnittlich in Szeksz\u00e1rd 598 mm. Diese Niederschlagsmenge ist f\u00fcr die normale Entwicklung der Weintraube gen\u00fcgend, die j\u00e4hrliche Mitteltemperatur macht 11,3 \u00b0C aus.<\/span><\/p>\n<p><span style=\"font-kerning: none;\">\u00a0<\/span><br \/>\n[\/et_pb_text][\/et_pb_column][\/et_pb_row][et_pb_row _builder_version=&#8221;3.25&#8243; background_size=&#8221;initial&#8221; background_position=&#8221;top_left&#8221; background_repeat=&#8221;repeat&#8221; column_structure=&#8221;1_2,1_2&#8243;][et_pb_column type=&#8221;1_2&#8243; _builder_version=&#8221;3.25&#8243; custom_padding=&#8221;|||&#8221; custom_padding__hover=&#8221;|||&#8221;][et_pb_text _builder_version=&#8221;3.0.74&#8243; text_text_color=&#8221;#701a37&#8243; header_text_color=&#8221;#952742&#8243; header_font_size=&#8221;26px&#8221; header_line_height=&#8221;1.6em&#8221; background_color=&#8221;rgba(204,204,204,0)&#8221; background_size=&#8221;initial&#8221; background_position=&#8221;top_left&#8221; background_repeat=&#8221;repeat&#8221;]<\/p>\n<p style=\"text-align: justify; font-size: 22px; line-height: normal; font-family: 'Open Sans'; color: #333333; -webkit-text-stroke-color: #333333; -webkit-text-stroke-width: initial; background-color: #ffffff;\"><span style=\"font-kerning: none;\">Boden<\/span><\/p>\n<p style=\"text-align: justify; font-size: 14px; line-height: normal; font-family: 'Open Sans'; color: #666666; -webkit-text-stroke-color: #666666; -webkit-text-stroke-width: initial; background-color: #ffffff;\"><span style=\"font-kerning: none;\">Das H\u00fcgelland Szeksz\u00e1rd besteht aus verschiedenen, unregelm\u00e4ssigen H\u00fcgeln und H\u00fcgelreihen sowie aus winkeligen Erosionst\u00e4lern. Die ganzen Bruchtreppen mit breitem Plateau (100-200 m) greifen in 100-150 m H\u00f6he. Die H\u00fcgelreihen, H\u00fcgelr\u00fccken zwischen den T\u00e4lern, die Plateaus (20-40 m) sind vom L\u00f6ss, die Abf\u00e4lle, Bruchtreppen und die B\u00f6den der alteren Derazinst\u00e4ler sind aber von einer d\u00fcnnen (1-7 m) grussiger L\u00f6ssschicht bedeckt. Charakteristisch sind die in verschiedenen Massen erodierten braunen Walderden wie Ramann, aber oft kommen auch L\u00f6ssboden vor.<\/span><\/p>\n<p><span style=\"font-kerning: none;\">\u00a0<\/span><\/p>\n<p><span style=\"font-kerning: none;\">\u00a0<\/span><br \/>\n[\/et_pb_text][\/et_pb_column][et_pb_column type=&#8221;1_2&#8243; _builder_version=&#8221;3.25&#8243; custom_padding=&#8221;|||&#8221; custom_padding__hover=&#8221;|||&#8221;][et_pb_image src=&#8221;https:\/\/hundertweinhaus.com\/wp-content\/uploads\/2017\/03\/gradus-cuv\u00e9e.png&#8221; align=&#8221;center&#8221; align_tablet=&#8221;center&#8221; align_last_edited=&#8221;on|desktop&#8221; _builder_version=&#8221;3.25.3&#8243; border_style=&#8221;solid&#8221; animation=&#8221;off&#8221; sticky=&#8221;off&#8221; always_center_on_mobile=&#8221;on&#8221;][\/et_pb_image][\/et_pb_column][\/et_pb_row][et_pb_row custom_padding=&#8221;27px|0px|27px|0px&#8221; _builder_version=&#8221;3.25&#8243; background_size=&#8221;initial&#8221; background_position=&#8221;top_left&#8221; background_repeat=&#8221;repeat&#8221;][et_pb_column type=&#8221;4_4&#8243; _builder_version=&#8221;3.25&#8243; custom_padding=&#8221;|||&#8221; custom_padding__hover=&#8221;|||&#8221;][et_pb_text _builder_version=&#8221;3.0.74&#8243; text_text_color=&#8221;#701a37&#8243; header_text_color=&#8221;#952742&#8243; header_font_size=&#8221;26px&#8221; header_line_height=&#8221;1.6em&#8221; background_color=&#8221;rgba(204,204,204,0)&#8221; background_size=&#8221;initial&#8221; background_position=&#8221;top_left&#8221; background_repeat=&#8221;repeat&#8221;]<\/p>\n<p style=\"text-align: justify; font-size: 22px; line-height: normal; font-family: 'Open Sans'; color: #333333; -webkit-text-stroke-color: #333333; -webkit-text-stroke-width: initial; background-color: #ffffff;\"><span style=\"font-kerning: none;\">Gez\u00fcchtete Rebsorten<\/span><\/p>\n<p style=\"text-align: justify; font-size: 14px; line-height: normal; font-family: 'Open Sans'; color: #666666; -webkit-text-stroke-color: #666666; -webkit-text-stroke-width: initial; background-color: #ffffff;\"><span style=\"font-kerning: none;\">Weiss: Chardonnay, Sauvignon Blanc, Cserszegi F\u00fcszers, H\u00e1rslevel\u00fc (Lindenbl\u00e4ttriger), Irsai Oliver, Kiralyleanyka (K\u00f6nigstochter), Leanyka (M\u00e4dchentraube), Olasz Rizling (Welschriesling), Muscat Ottonel, Pinot Blanc, Rajnaiz Rizling (Riesling), Rizlingszilvani (Rivaner), Sarga Muskotaly (Gelber Muskateller), Sz\u00fcrkebarat (Grauburgunder), Tramini (Gew\u00fcrztraminer) Viognier, Zefir, Zenit, Z\u00f6ld Szilvani (Gr\u00fcner Silvaner), Z\u00f6ld Veltelini (Gr\u00fcner Veltliner)<\/span><\/p>\n<p>Rot: Alibernet, Bibor Kadarka, Blauburger, Cabernet Franc, Cabernet Sauvignon, Kadarka, K\u00e9kfrankos (Blaufr\u00e4nkisch), Menoire, Merlot, Pinot Noir, Sagrantino, Syrah, Tannat, Turan und Zweigelt<\/p>\n<p><span style=\"font-kerning: none;\">\u00a0<\/span><br \/>\n[\/et_pb_text][\/et_pb_column][\/et_pb_row][et_pb_row custom_padding=&#8221;27px|0px|27px|0px&#8221; _builder_version=&#8221;3.25&#8243; background_size=&#8221;initial&#8221; background_position=&#8221;top_left&#8221; background_repeat=&#8221;repeat&#8221;][et_pb_column type=&#8221;4_4&#8243; _builder_version=&#8221;3.25&#8243; custom_padding=&#8221;|||&#8221; custom_padding__hover=&#8221;|||&#8221;][et_pb_text _builder_version=&#8221;3.0.74&#8243; text_text_color=&#8221;#701a37&#8243; header_text_color=&#8221;#952742&#8243; header_font_size=&#8221;26px&#8221; header_line_height=&#8221;1.6em&#8221; background_color=&#8221;rgba(204,204,204,0)&#8221; background_size=&#8221;initial&#8221; background_position=&#8221;top_left&#8221; background_repeat=&#8221;repeat&#8221;]<\/p>\n<p style=\"text-align: justify; font-size: 22px; line-height: normal; font-family: 'Open Sans'; color: #333333; -webkit-text-stroke-color: #333333; -webkit-text-stroke-width: initial; background-color: #ffffff;\"><span style=\"font-kerning: none;\">Das feinste Sortiment<\/span><\/p>\n<p>[\/et_pb_text][et_pb_shop posts_number=&#8221;4&#8243; orderby=&#8221;menu_order&#8221; title_font_size=&#8221;19&#8243; price_font_size=&#8221;16&#8243;][\/et_pb_shop][\/et_pb_column][\/et_pb_row][\/et_pb_section]<\/p>\n","protected":false},"excerpt":{"rendered":"<p>SZEKSZ\u00c1RD Geographische Lage Das Weingebiet erstreckt sich auf dem nord\u00f6stlichen Teil vom H\u00fcgelland Szeksz\u00e1rd und Geresd. Westlich von der \u00fcber einen nords\u00fcdlichen Fussgang verf\u00fcgenden H\u00fcgellandschaft befinden sich die Ausl\u00e4ufer des 680 m hohen Mecsek Gebirges, in seiner \u00f6stlichen H\u00e4lfte erstrecken sich das S\u00e1rk\u00f6z Tiefland, die Umweltschutzgebiete von Gemenc, welche von dem Fluss Donau begrenzt sind. [&hellip;]<\/p>\n","protected":false},"author":1,"featured_media":0,"parent":0,"menu_order":0,"comment_status":"closed","ping_status":"closed","template":"","meta":{"_et_pb_use_builder":"on","_et_pb_old_content":"This is an example page. It's different from a blog post because it will stay in one place and will show up in your site navigation (in most themes). Most people start with an About page that introduces them to potential site visitors. It might say something like this:\r\n\r\n<blockquote>Hi there! I'm a bike messenger by day, aspiring actor by night, and this is my website. I live in Los Angeles, have a great dog named Jack, and I like pi\u00f1a coladas. (And gettin' caught in the rain.)<\/blockquote>\r\n\r\n...or something like this:\r\n\r\n<blockquote>The XYZ Doohickey Company was founded in 1971, and has been providing quality doohickeys to the public ever since. Located in Gotham City, XYZ employs over 2,000 people and does all kinds of awesome things for the Gotham community.<\/blockquote>\r\n\r\nAs a new WordPress user, you should go to <a href=\"http:\/\/hundertweinhaus.fodof.eu\/wp-admin\/\">your dashboard<\/a> to delete this page and create new pages for your content. Have fun!","_et_gb_content_width":""},"_links":{"self":[{"href":"https:\/\/hundertweinhaus.com\/index.php?rest_route=\/wp\/v2\/pages\/858"}],"collection":[{"href":"https:\/\/hundertweinhaus.com\/index.php?rest_route=\/wp\/v2\/pages"}],"about":[{"href":"https:\/\/hundertweinhaus.com\/index.php?rest_route=\/wp\/v2\/types\/page"}],"author":[{"embeddable":true,"href":"https:\/\/hundertweinhaus.com\/index.php?rest_route=\/wp\/v2\/users\/1"}],"replies":[{"embeddable":true,"href":"https:\/\/hundertweinhaus.com\/index.php?rest_route=%2Fwp%2Fv2%2Fcomments&post=858"}],"version-history":[{"count":12,"href":"https:\/\/hundertweinhaus.com\/index.php?rest_route=\/wp\/v2\/pages\/858\/revisions"}],"predecessor-version":[{"id":3638,"href":"https:\/\/hundertweinhaus.com\/index.php?rest_route=\/wp\/v2\/pages\/858\/revisions\/3638"}],"wp:attachment":[{"href":"https:\/\/hundertweinhaus.com\/index.php?rest_route=%2Fwp%2Fv2%2Fmedia&parent=858"}],"curies":[{"name":"wp","href":"https:\/\/api.w.org\/{rel}","templated":true}]}}