{"id":3699,"date":"2020-02-01T12:10:22","date_gmt":"2020-02-01T11:10:22","guid":{"rendered":"https:\/\/hundertweinhaus.com\/?post_type=product&#038;p=3699"},"modified":"2025-02-15T18:58:13","modified_gmt":"2025-02-15T17:58:13","slug":"fritz-father-kekfrankos-2016-szekszard-pdo","status":"publish","type":"product","link":"https:\/\/hundertweinhaus.com\/?product=fritz-father-kekfrankos-2016-szekszard-pdo","title":{"rendered":"Fritz Father K\u00e9kfrankos 2016, PDO Szeksz\u00e1rd"},"content":{"rendered":"<p>Rebsorten: K\u00e9kfrankos (Blaufr\u00e4nkisch)<\/p>\n<p>Alkoholgehalt: 14,0 % Vol.<\/p>\n<p>Flaschengr\u00f6sse: 75 cl<\/p>\n<p>Speiseempfehlung: Gegrilltes Fleisch, Gebratene Ente und geschmortes Gem\u00fcse<\/p>\n<p>Empfohlene Trinktemperatur: 16 \u2013 18 \u00b0 C<\/p>\n","protected":false},"excerpt":{"rendered":"<p>G\u00e4rung im Stahltank. 16 Monate Reife, erstgef\u00fcllt und zweitgef\u00fcllt im 225 Liter und 500 Liter Eichenfass. Der liebste Wein des Vaters von Fritz Josef war der Blaufr\u00e4nkische. Einzigartiger Charakter, lebendiger, reichhaltiger Rotwein mit reichhaltiger Fruchtigkeit und sch\u00f6nen S\u00e4uren, mit reifem Sauerkirsch-Kirsch-Geschmack.<\/p>\n<p>&nbsp;<\/p>\n","protected":false},"featured_media":3700,"comment_status":"open","ping_status":"closed","template":"","meta":{"_et_pb_use_builder":"","_et_pb_old_content":"","_et_gb_content_width":""},"_links":{"self":[{"href":"https:\/\/hundertweinhaus.com\/index.php?rest_route=\/wp\/v2\/product\/3699"}],"collection":[{"href":"https:\/\/hundertweinhaus.com\/index.php?rest_route=\/wp\/v2\/product"}],"about":[{"href":"https:\/\/hundertweinhaus.com\/index.php?rest_route=\/wp\/v2\/types\/product"}],"replies":[{"embeddable":true,"href":"https:\/\/hundertweinhaus.com\/index.php?rest_route=%2Fwp%2Fv2%2Fcomments&post=3699"}],"wp:featuredmedia":[{"embeddable":true,"href":"https:\/\/hundertweinhaus.com\/index.php?rest_route=\/wp\/v2\/media\/3700"}],"wp:attachment":[{"href":"https:\/\/hundertweinhaus.com\/index.php?rest_route=%2Fwp%2Fv2%2Fmedia&parent=3699"}],"curies":[{"name":"wp","href":"https:\/\/api.w.org\/{rel}","templated":true}]}}