{"id":376,"date":"2017-02-20T14:53:11","date_gmt":"2017-02-20T13:53:11","guid":{"rendered":"http:\/\/hundertweinhaus.fodof.eu\/shop\/toerley-charmant-doux\/"},"modified":"2024-09-03T17:07:56","modified_gmt":"2024-09-03T15:07:56","slug":"toerley-charmant-doux","status":"publish","type":"product","link":"https:\/\/hundertweinhaus.com\/?product=toerley-charmant-doux","title":{"rendered":"T\u00f6rley Charmant Doux"},"content":{"rendered":"<p>Rebsorten: Chasselas, Olaszrizling, Bianca<\/p>\n<p>Alkoholgehalt: 11.5 %<\/p>\n<p>Zuckergehalt: 65 g\/l<\/p>\n<p>S\u00e4uregehalt: 5.9 g\/l<\/p>\n<p>Speiseempfehlung: zu Aperitif, Dessert wie cremige Kuchen<\/p>\n<p>Empfohlene Trinktemperatur: 6-8 \u00b0 C<\/p>\n<p><img decoding=\"async\" loading=\"lazy\" class=\"alignnone wp-image-902\" src=\"http:\/\/hundertweinhaus.fodof.eu\/wp-content\/uploads\/2017\/04\/Rajzt\u00e1bla-4-m\u00e1solat-9-300x300.jpg\" alt=\"\" width=\"99\" height=\"99\" srcset=\"https:\/\/hundertweinhaus.com\/wp-content\/uploads\/2017\/04\/Rajzt\u00e1bla-4-m\u00e1solat-9-300x300.jpg 300w, https:\/\/hundertweinhaus.com\/wp-content\/uploads\/2017\/04\/Rajzt\u00e1bla-4-m\u00e1solat-9-400x400.jpg 400w, https:\/\/hundertweinhaus.com\/wp-content\/uploads\/2017\/04\/Rajzt\u00e1bla-4-m\u00e1solat-9-100x100.jpg 100w, https:\/\/hundertweinhaus.com\/wp-content\/uploads\/2017\/04\/Rajzt\u00e1bla-4-m\u00e1solat-9-150x150.jpg 150w, https:\/\/hundertweinhaus.com\/wp-content\/uploads\/2017\/04\/Rajzt\u00e1bla-4-m\u00e1solat-9.jpg 500w\" sizes=\"(max-width: 99px) 100vw, 99px\" \/><\/p>\n","protected":false},"excerpt":{"rendered":"<p>Elegante Optik, hellgoldene Farbe, intensive Perlage. Sein Bouquet und Geschmack \u00e4hneln den meisten gezuckerten Fr\u00fcchten. Ein leichter Muskat-\u00e4hnlicher Geschmack ist ebenfalls zu sp\u00fcren.<\/p>\n","protected":false},"featured_media":0,"comment_status":"open","ping_status":"closed","template":"","meta":{"_et_pb_use_builder":"","_et_pb_old_content":"","_et_gb_content_width":""},"_links":{"self":[{"href":"https:\/\/hundertweinhaus.com\/index.php?rest_route=\/wp\/v2\/product\/376"}],"collection":[{"href":"https:\/\/hundertweinhaus.com\/index.php?rest_route=\/wp\/v2\/product"}],"about":[{"href":"https:\/\/hundertweinhaus.com\/index.php?rest_route=\/wp\/v2\/types\/product"}],"replies":[{"embeddable":true,"href":"https:\/\/hundertweinhaus.com\/index.php?rest_route=%2Fwp%2Fv2%2Fcomments&post=376"}],"wp:attachment":[{"href":"https:\/\/hundertweinhaus.com\/index.php?rest_route=%2Fwp%2Fv2%2Fmedia&parent=376"}],"curies":[{"name":"wp","href":"https:\/\/api.w.org\/{rel}","templated":true}]}}