{"id":3843,"date":"2020-09-20T18:07:31","date_gmt":"2020-09-20T17:07:31","guid":{"rendered":"https:\/\/hundertweinhaus.com\/?post_type=product&#038;p=3843"},"modified":"2024-09-03T17:08:04","modified_gmt":"2024-09-03T15:08:04","slug":"panyolai-rubinszilva","status":"publish","type":"product","link":"https:\/\/hundertweinhaus.com\/?product=panyolai-rubinszilva","title":{"rendered":"Panyolai Rubinszilva"},"content":{"rendered":"<p>Herkunftsort: Ungarn<\/p>\n<p>Getr\u00e4nketyp: Bettbrand<\/p>\n<p>Obst: Pflaumen<\/p>\n<p>Reifungsmethode: Auf einem Obstbett gereift<\/p>\n<p>Empfohlene Verbrauchstemperatur: 16-19 \u00b0 C.<\/p>\n<p>Aroma: Das s\u00fc\u00dfe Fruchtige der Pflaume dominiert das Aroma von Panyola Rubin Pflaumen Brand<\/p>\n<p>Geschmack und Abgang: Sein Geschmack wird von au\u00dfergew\u00f6hnlicher Fruchtigkeit und einem leicht s\u00fc\u00dfen Charakter dominiert.<\/p>\n<p>Farbe: Rubinrot<\/p>\n<p>Wir empfehlen f\u00fcr diese: Wirklich edler Brandy, daher empfehlen wir, ihn selbst zu konsumieren.<\/p>\n<p>Verpackung: 0,5 Liter<\/p>\n<p>Alkoholgehalt: 38%<\/p>\n","protected":false},"excerpt":{"rendered":"<p>Eine edle Familie von Brandy reifte auf einem frischen Obstbett. Keine \u00dcbertreibung: Die Farbe, der Geschmack und der Wert des Rubins sind auf das lange Zusammentreffen von Frucht und Brandy zur\u00fcckzuf\u00fchren. Rubin Pflaume ist ein edler Bettbrand, ein Produkt von h\u00f6chster Qualit\u00e4t. Seine Farbe und sein intensiver Geschmack sind auf das frische, saftige Pflaumenbett zur\u00fcckzuf\u00fchren, auf dem der Pflaumenschnaps vor der Abf\u00fcllung monatelang ruht.<\/p>\n","protected":false},"featured_media":3878,"comment_status":"open","ping_status":"closed","template":"","meta":{"_et_pb_use_builder":"","_et_pb_old_content":"","_et_gb_content_width":""},"_links":{"self":[{"href":"https:\/\/hundertweinhaus.com\/index.php?rest_route=\/wp\/v2\/product\/3843"}],"collection":[{"href":"https:\/\/hundertweinhaus.com\/index.php?rest_route=\/wp\/v2\/product"}],"about":[{"href":"https:\/\/hundertweinhaus.com\/index.php?rest_route=\/wp\/v2\/types\/product"}],"replies":[{"embeddable":true,"href":"https:\/\/hundertweinhaus.com\/index.php?rest_route=%2Fwp%2Fv2%2Fcomments&post=3843"}],"wp:featuredmedia":[{"embeddable":true,"href":"https:\/\/hundertweinhaus.com\/index.php?rest_route=\/wp\/v2\/media\/3878"}],"wp:attachment":[{"href":"https:\/\/hundertweinhaus.com\/index.php?rest_route=%2Fwp%2Fv2%2Fmedia&parent=3843"}],"curies":[{"name":"wp","href":"https:\/\/api.w.org\/{rel}","templated":true}]}}