{"id":4187,"date":"2024-03-03T11:49:58","date_gmt":"2024-03-03T10:49:58","guid":{"rendered":"https:\/\/hundertweinhaus.com\/?post_type=product&#038;p=4187"},"modified":"2026-04-20T10:24:04","modified_gmt":"2026-04-20T08:24:04","slug":"grof-degenfeld-tokaji-6-puttonyos-aszu-2017-tokaj-pdo","status":"publish","type":"product","link":"https:\/\/hundertweinhaus.com\/?product=grof-degenfeld-tokaji-6-puttonyos-aszu-2017-tokaj-pdo","title":{"rendered":"Gr\u00f3f Degenfeld Tokaji 6 Puttonyos Asz\u00fa 2017, PDO Tokaj"},"content":{"rendered":"<p>Rebsorte: \u00a085 % H\u00e1rslevel\u00fc, 15 % Furmint<\/p>\n<p>Alkoholgehalt: 11 % Vol.<\/p>\n<p>Zuckergehalt: 206.7 g\/l<\/p>\n<p>S\u00e4uregehalt: 7.85 g\/l<\/p>\n<p>Flaschengr\u00f6sse: 50 cl<\/p>\n<p>Speiseempfehlung: Es passt perfekt zu Desserts und G\u00e4nseleber, kann aber aufgrund seiner Komplexit\u00e4t \u2013 mit einer gut gew\u00e4hlten So\u00dfe \u2013 auch zu schwereren Fleischgerichten kombiniert werden.<\/p>\n<p>Empfohlene Trinktemperatur: 11 \u00b0 C<\/p>\n","protected":false},"excerpt":{"rendered":"<p>Sein Aroma wird durch holzige Gew\u00fcrznoten und Zitrusfr\u00fcchte erg\u00e4nzt. Im Geschmack finden sich kandierte tropische Fr\u00fcchte wieder, die im Abgang von Noten t\u00fcrkischen Honigs und s\u00fc\u00dfer Mandarine begleitet werden. Es zeichnet sich durch einen reichen Geschmack mit langem Lagerpotenzial aus.<\/p>\n","protected":false},"featured_media":4188,"comment_status":"open","ping_status":"closed","template":"","meta":{"_et_pb_use_builder":"","_et_pb_old_content":"","_et_gb_content_width":""},"_links":{"self":[{"href":"https:\/\/hundertweinhaus.com\/index.php?rest_route=\/wp\/v2\/product\/4187"}],"collection":[{"href":"https:\/\/hundertweinhaus.com\/index.php?rest_route=\/wp\/v2\/product"}],"about":[{"href":"https:\/\/hundertweinhaus.com\/index.php?rest_route=\/wp\/v2\/types\/product"}],"replies":[{"embeddable":true,"href":"https:\/\/hundertweinhaus.com\/index.php?rest_route=%2Fwp%2Fv2%2Fcomments&post=4187"}],"wp:featuredmedia":[{"embeddable":true,"href":"https:\/\/hundertweinhaus.com\/index.php?rest_route=\/wp\/v2\/media\/4188"}],"wp:attachment":[{"href":"https:\/\/hundertweinhaus.com\/index.php?rest_route=%2Fwp%2Fv2%2Fmedia&parent=4187"}],"curies":[{"name":"wp","href":"https:\/\/api.w.org\/{rel}","templated":true}]}}