{"id":4194,"date":"2024-03-03T13:45:07","date_gmt":"2024-03-03T12:45:07","guid":{"rendered":"https:\/\/hundertweinhaus.com\/?post_type=product&#038;p=4194"},"modified":"2025-03-05T16:26:27","modified_gmt":"2025-03-05T15:26:27","slug":"pajzos-tokaji-6-puttonyos-aszu-2016-tokaj-pdo","status":"publish","type":"product","link":"https:\/\/hundertweinhaus.com\/?product=pajzos-tokaji-6-puttonyos-aszu-2016-tokaj-pdo","title":{"rendered":"Pajzos Tokaji 6 Puttonyos Asz\u00fa 2016, PDO Tokaj"},"content":{"rendered":"<p>Rebsorten: S\u00e1rgamuskot\u00e1ly (Muscat Blanc), Z\u00e9ta, Furmint, H\u00e1rslevel\u0171<\/p>\n<p>Alkoholgehalt: 10 % Vol.<\/p>\n<p>Zuckergehalt: 201,5 g\/l<\/p>\n<p>S\u00e4uregehalt: 10.42 g\/l<\/p>\n<p>Flaschengr\u00f6sse: 50 cl.<\/p>\n<p>Speiseempfehlung: Probieren Sie es zus\u00e4tzlich zu den \u00fcblichen \u201eAsz\u00fa-Paarungen\u201c mit einem Gorgonzola-Birnen-Salat oder gepaart mit einem Safran-Risotto.<\/p>\n<p>Empfohlene Trinktemperatur: 9 \u00b0<\/p>\n<p>Auszeichnungen: <strong>GOLD, 95 Punkte: Decanter World Wine Awards 2021 \/ <\/strong><strong>GROSSES GOLD: 25. Berliner Wein Trophy 2021 \u2013 Winterverkostung<\/strong><\/p>\n","protected":false},"excerpt":{"rendered":"<p>Nach der Abf\u00fcllung nach 42-monatiger Reifung in Eichenf\u00e4ssern wurde er fast sofort zum gro\u00dfen Gold- und Goldmedaillengewinner mehrerer internationaler Wettbewerbe. Der Prozess hat seitdem nicht aufgeh\u00f6rt und er erh\u00e4lt eine nach der anderen ehrenvolle Erw\u00e4hnungen. Der goldene Nektar, der einen blumigen Honig- und Vanilleduft verspricht. Sein reichhaltiger Geschmack nach reifen tropischen Fr\u00fcchten \u2013 Ananas, Mango, Papaya, Passionsfrucht \u2013 wird perfekt durch seine dynamische, kr\u00e4ftige S\u00e4ure ausgeglichen, die durch einen Hauch Safran abgerundet wird. Eine hervorragende Balance zwischen modernem und jugendlichem Asz\u00fa.<\/p>\n<p>&nbsp;<\/p>\n","protected":false},"featured_media":4195,"comment_status":"open","ping_status":"closed","template":"","meta":{"_et_pb_use_builder":"","_et_pb_old_content":"","_et_gb_content_width":""},"_links":{"self":[{"href":"https:\/\/hundertweinhaus.com\/index.php?rest_route=\/wp\/v2\/product\/4194"}],"collection":[{"href":"https:\/\/hundertweinhaus.com\/index.php?rest_route=\/wp\/v2\/product"}],"about":[{"href":"https:\/\/hundertweinhaus.com\/index.php?rest_route=\/wp\/v2\/types\/product"}],"replies":[{"embeddable":true,"href":"https:\/\/hundertweinhaus.com\/index.php?rest_route=%2Fwp%2Fv2%2Fcomments&post=4194"}],"wp:featuredmedia":[{"embeddable":true,"href":"https:\/\/hundertweinhaus.com\/index.php?rest_route=\/wp\/v2\/media\/4195"}],"wp:attachment":[{"href":"https:\/\/hundertweinhaus.com\/index.php?rest_route=%2Fwp%2Fv2%2Fmedia&parent=4194"}],"curies":[{"name":"wp","href":"https:\/\/api.w.org\/{rel}","templated":true}]}}